467195?
3, 5, 1299919
What are the prime factors of 2277397872?
2, 3, 15815263
List the prime factors of 116257867.
11, 10568897
List the prime factors of 163189558.
2, 7, 43, 271079
What are the prime factors of 186172190?
2, 5, 79, 235661
List the prime factors of 48257191.
48257191
What are the prime factors of 1096456250?
2, 5, 175433
List the prime factors of 145005324.
2, 3, 547, 22091
List the prime factors of 830579759.
587, 1414957
What are the prime factors of 30580835?
5, 6116167
List the prime factors of 67442598.
2, 3, 89, 14033
What are the prime factors of 106097747?
7, 29, 331, 1579
List the prime factors of 2328629355.
3, 5, 13, 1249, 3187
What are the prime factors of 956673364?
2, 97, 1201, 2053
List the prime factors of 9377834.
2, 911, 5147
List the prime factors of 1547788359.
3, 13, 59, 877
What are the prime factors of 1234611712?
2, 2411351
What are the prime factors of 20092461?
3, 6697487
What are the prime factors of 60906291?
3, 17, 1194241
List the prime factors of 1187183730.
2, 3, 5, 29, 727, 1877
List the prime factors of 58815395.
5, 383, 30713
List the prime factors of 430922300.
2, 5, 41, 61, 1723
What are the prime factors of 319971511?
71, 1423, 3167
What are the prime factors of 151395373?
151395373
List the prime factors of 1524231056.
2, 47, 79, 25657
What are the prime factors of 75808044?
2, 3, 13, 161983
List the prime factors of 38502475.
5, 11, 140009
What are the prime factors of 227821890?
2, 3, 5, 1373, 5531
What are the prime factors of 870310533?
3, 193, 1503127
List the prime factors of 59538287.
139, 557, 769
List the prime factors of 42641461.
31, 1375531
List the prime factors of 700949338.
2, 17, 853, 24169
List the prime factors of 724427747.
31, 24317
What are the prime factors of 339842657?
7, 11, 401231
What are the prime factors of 731643841?
17, 6271, 6863
What are the prime factors of 91405538?
2, 7, 2027, 3221
List the prime factors of 2491452463.
19, 61, 1187, 1811
What are the prime factors of 40335413?
97, 631, 659
What are the prime factors of 1272319193?
1272319193
What are the prime factors of 78311311?
13, 6023947
List the prime factors of 225364080.
2, 3, 5, 157, 5981
List the prime factors of 97384122.
2, 3, 11, 173, 2843
List the prime factors of 109510256.
2, 563, 12157
What are the prime factors of 74321553?
3, 24773851
List the prime factors of 244790583.
3, 7963, 10247
What are the prime factors of 299560942?
2, 3671, 40801
What are the prime factors of 120253492?
2, 41, 283, 2591
What are the prime factors of 6598857419?
7, 11, 59, 1452533
List the prime factors of 266950894.
2, 7, 19067921
List the prime factors of 3331424594.
2, 1665712297
What are the prime factors of 55988299?
29, 53, 73, 499
List the prime factors of 11884055.
5, 29, 41, 1999
What are the prime factors of 1276374238?
2, 227, 2811397
List the prime factors of 1743127567.
89, 19585703
What are the prime factors of 14776359?
3, 13, 41, 9241
List the prime factors of 119564268.
2, 3, 9963689
List the prime factors of 28942861.
67, 431983
List the prime factors of 140078533.
7, 23, 743, 1171
What are the prime factors of 34905190?
2, 5, 491, 7109
What are the prime factors of 41423582?
2, 20711791
List the prime factors of 1611635627.
7, 32890523
What are the prime factors of 916319622?
2, 3, 257, 594241
What are the prime factors of 1939518291?
3, 139, 349, 13327
What are the prime factors of 23276485?
5, 17, 251, 1091
List the prime factors of 57892814.
2, 7, 47, 12569
What are the prime factors of 2301910903?
347, 6633749
What are the prime factors of 113102848?
2, 53, 521
List the prime factors of 2267341098.
2, 3, 11, 19, 283, 6389
What are the prime factors of 79173577?
7, 11310511
What are the prime factors of 270632070?
2, 3, 5, 1002341
List the prime factors of 1286945832.
2, 3, 17, 1327, 2377
List the prime factors of 29450807.
83, 354829
What are the prime factors of 40534529?
7, 457, 12671
List the prime factors of 370799567.
370799567
List the prime factors of 1628671861.
1628671861
What are the prime factors of 81498156?
2, 3, 6791513
List the prime factors of 1049814448.
2, 19, 3453337
What are the prime factors of 2230247252?
2, 557561813
List the prime factors of 214098076.
2, 23, 2327153
What are the prime factors of 2359281557?
23, 59, 83, 20947
What are the prime factors of 181723649?
181723649
List the prime factors of 159771440.
2, 5, 17, 29, 4051
What are the prime factors of 631673?
7, 90239
What are the prime factors of 149354742?
2, 3, 53, 191, 2459
What are the prime factors of 2143803938?
2, 17, 63053057
What are the prime factors of 157190095?
5, 71, 442789
What are the prime factors of 366659537?
23, 31, 514249
List the prime factors of 74662892.
2, 37, 504479
What are the prime factors of 264635074?
2, 11, 41, 73, 4019
List the prime factors of 35372508.
2, 3, 2947709
What are the prime factors of 16928701?
16928701
What are the prime factors of 1115625655?
5, 223125131
What are the prime factors of 148207915?
5, 29641583
What are the prime factors of 139190478?
2, 3, 7, 271, 1747
List the prime factors of 30526931.
30526931
List the prime factors of 30250342.
2, 367, 41213
What are the prime factors of 1853602149?
3, 7, 88266769
List the prime factors of 830705331.
3, 4567, 60631
List the prime factors of 251015165.
5, 67, 749299
What are the prime factors of 30532143?
3, 1103, 9227
List the prime factors of 41277782.
2, 7, 13, 337, 673
List the prime factors of 466112740.
2, 5, 53, 439729
What are the prime factors of 5160952?
2, 331, 1949
List the prime factors of 1690524191.
37, 1061, 43063
What are the prime factors of 1015135046?
2, 47, 10799309
List the prime factors of 289758419.
289758419
List the prime factors of 757242689.
7, 108177527
What are the prime factors of 539957633?
539957633
List the prime factors of 79485869.
79485869
What are the prime factors of 52145385?
3, 5, 179, 19421
What are the prime factors of 247749489?
3, 13, 31, 22769
List the prime factors of 2694144758.
2, 389, 3462911
What are the prime factors of 2882538?
2, 3, 160141
List the prime factors of 319064323.
15527, 20549
List the prime factors of 302041526.
2, 71, 103, 107, 193
List the prime factors of 719941878.
2, 3, 29, 41, 11213
What are the prime factors of 507231830?
2, 5, 7, 147881
What are the prime factors of 29413337?
29, 107, 9479
What are the prime factors of 107658009?
3, 19, 23, 31, 883
What are the prime factors of 461846356?
2, 115461589
What are the prime factors of 344995187?
31, 1447, 7691
List the prime factors of 626851871.
163, 3845717
List the prime factors of 212898397.
2221, 95857
What are the prime factors of 7940382?
2, 3, 23, 163, 353
List the prime factors of 24573558.
2, 3, 4095593
List the prime factors of 637268608.
2, 53, 93937
What are the prime factors of 231978413?
17, 13645789
List the prime factors of 20642286.
2, 3, 7, 491483
What are the prime factors of 38777967?
3, 1436221
List the prime factors of 612433761.
3, 204144587
What are the prime factors of 11616118?
2, 5808059
List the prime factors of 52880692.
2, 337, 39229
List the prime factors of 39205091.
39205091
What are the prime factors of 159884651?
367, 435653
List the prime factors of 94706216.
2, 11, 227, 431
List the prime factors of 31320011.
31320011
List the prime factors of 629959656.
2, 3, 26248319
List the prime factors of 262206987.
3, 7, 397, 4493
List the prime factors of 527142472.
2, 263, 250543
List the prime factors of 831023043.
3, 29, 67, 142567
What are the prime factors of 449319659?
449319659
What are the prime factors of 2450913665?
5, 149, 3289817
What are the prime factors of 2225279437?
47, 47346371
What are the prime factors of 861540007?
59, 14602373
What are the prime factors of 609241428?
2, 3, 16923373
List the prime factors of 19963400.
2, 5, 99817
List the prime factors of 170955432.
2, 3, 83, 28607
List the prime factors of 645025254.
2, 3, 17, 367, 17231
List the prime factors of 70781689.
11, 6434699
List the prime factors of 1614444953.
11, 19, 7724617
What are the prime factors of 358329760?
2, 5, 2239561
What are the prime factors of 35854768?
2, 17, 193, 683
What are the prime factors of 57992186?
2, 7, 591757
What are the prime factors of 2